- 21. What are the prime factors of c?
2, 11
Let u = 190 - 75. List the prime factors of u.
5, 23
Let c(k) = 71*k**3 + 2*k**2 - 1. List the prime factors of c(1).
2, 3
Let q(j) = -j**3 - 8*j**2 - 8*j - 6. Let o be q(-7). Let c(b) = -15*b**3 - b**2. Let f be c(o). List the prime factors of f/40 + (-74)/(-10).
7
Suppose -5*t = -1 - 19. Suppose t*v + v = 15. Suppose 2*z = -2*q + 8, 6*q - v*q = 2*z + 2. What are the prime factors of z?
2
Let l(t) = 15*t + 1. Let i be (-6)/9*(-3)/2. Let h be l(i). Suppose 3*y - 5*q = 59, -q = 3*q + h. List the prime factors of y.
13
Let x(r) = -r - 3. Let i be x(-3). Let b = i - -7. Let f = 15 - b. What are the prime factors of f?
2
What are the prime factors of 1/(-2) + (-71)/(-2)?
5, 7
Let m = 15 - 10. Suppose -4*v - m*f = 74 + 73, 0 = -4*v + 2*f - 126. Let q = 47 + v. List the prime factors of q.
2, 7
Let f = 30 + -14. Let d = -3 + f. List the prime factors of d.
13
Let j(p) = -p**2 + 6*p + 1. Let g(u) be the third derivative of u**6/120 + 7*u**5/60 + u**4/6 - 7*u**3/6 + u**2. Let r be g(-6). List the prime factors of j(r).
2, 3
Let v(d) = d**2 - 3*d - 2. Let j be v(3). List the prime factors of (-342)/(-24) - j/(-8).
2, 7
Let c be 4/(-16) - 14/8. Suppose 23 + 27 = 5*j. Let a = j + c. List the prime factors of a.
2
Let y = 73 - 17. List the prime factors of y.
2, 7
Let p be (1/(-2))/(2/(-4)). Let i be 2 + 0 + (1 - p). Suppose n - 33 = -i*n. List the prime factors of n.
11
Suppose 121 = 5*c + 21. What are the prime factors of c?
2, 5
Suppose 0*w - 4*y = -5*w + 1176, -y = w - 237. What are the prime factors of w?
2, 59
Let o(v) = v**3 - 4*v**2 - 4*v - 3. Let p be o(5). Suppose c = p*c. Suppose 2*u + 4*k = c, 0*k + 2*k = -4. List the prime factors of u.
2
Suppose -11*n + 896 = -589. List the prime factors of n.
3, 5
Let q(h) = -h**3 + 11*h**2 + h. Let o be q(11). Suppose 2*j - 4*l - 3 = -3*l, -4*l = 4. Suppose g - o = -j. What are the prime factors of g?
2, 5
Suppose 2*g - 180 = -4*g. What are the prime factors of g?
2, 3, 5
Let d(v) = -2*v - 5. Let n be d(-4). Let p be -4 + ((-9)/n)/(-3). What are the prime factors of (-12)/((-6)/p)*-1?
2, 3
List the prime factors of 26/6*(-15)/(-5).
13
List the prime factors of ((-5)/1 - -61) + 3.
59
Let q = -2 + 1. What are the prime factors of 3/(22/(-28) - q)?
2, 7
Let o = 6 - 20. Let s = -6 - o. List the prime factors of s.
2
Let q(h) be the second derivative of 7*h**3/6 - 3*h**2/2 - 2*h. Suppose 6*j = 17 + 1. List the prime factors of q(j).
2, 3
Let y(x) = 73*x**2 - 3*x - 3. List the prime factors of y(-1).
73
Let z be (2/(-3))/(6/(-45)). Suppose -v - 4*q = 14, 0 = z*v - 2*v - q - 23. What are the prime factors of v?
2, 3
Let y(r) = r**3 - 4*r**2 + 2*r - 3. Let b be y(4). Let h(n) = -n**3 + 6*n**2 - n - 7. What are the prime factors of h(b)?
13
Suppose -5*w + 165 = 5*o, w - 156 = -5*o - w. What are the prime factors of o?
2, 3, 5
Suppose x - 14 = -0*x. List the prime factors of x.
2, 7
Let s = -128 - -237. What are the prime factors of s?
109
Let q(i) = -2*i - 8. Let d be q(-7). Suppose -20 = -d*x + x. What are the prime factors of x?
2
Suppose -r + 7 = -5*n + r, -2*r - 17 = 3*n. What are the prime factors of 41 + n - 6/(-2)?
41
Suppose 20 = -p - 4*p. Let y be 2/(-8) - 5/p. List the prime factors of 2 - (-9 - 0) - y.
2, 5
Let i(k) = -k + 1. Let s be i(-3). Let q = 7 - s. What are the prime factors of q?
3
Suppose -276 = -3*k - 2*f, 0 = 3*k - 8*f + 3*f - 276. What are the prime factors of k?
2, 23
Let t = 6 - 1. Suppose -3*o - t*p + 0 - 1 = 0, 5*p - 2 = -4*o. List the prime factors of o.
3
Suppose -4*h = 3*z - 61, -10 = -0*z - 2*z + 5*h. List the prime factors of (-3)/z + 228/15.
3, 5
Let q(k) be the first derivative of k**3/3 - 3*k**2 + 3*k + 4. Let l be q(6). List the prime factors of (1/l)/((-7)/(-189)).
3
Suppose -4*s + 1 + 27 = -4*w, -4*w - 19 = -s. Suppose s*v = v + 44. List the prime factors of v.
2, 11
Let d(u) = -2*u - 9*u - 5 + 3. Let s be d(-3). Suppose -5*z + s = -9. List the prime factors of z.
2
Let u(c) = -c**3 + 4*c**2 - 2*c - 2. Let v be u(2). Suppose -3*w = -2*b - v*b + 55, 5 = -w. Suppose k = -1 + b. What are the prime factors of k?
3
Let m(s) = 2*s - 22. List the prime factors of m(12).
2
Let p(s) = 7*s**2. List the prime factors of p(2).
2, 7
Let x(b) = -b**3 + 6*b**2 + 2*b + 2. Suppose 4*w - 1 = 23. Let z be x(w). Let s = z + -3. What are the prime factors of s?
11
Suppose 0*z - 3 = -3*z. Let a(b) = 4 - z + 0*b - b + 2*b. What are the prime factors of a(12)?
3, 5
Let i(j) be the third derivative of -j**4/24 + j**3/6 + 2*j**2. Let k be i(-2). What are the prime factors of k + ((-3)/3 - -19)?
3, 7
Let g(z) = z**3 + 6*z**2 + 3*z + 6. List the prime factors of g(-5).
2
List the prime factors of ((-1444)/14)/(-2) - 6/(-14).
2, 13
Let b(z) = 1. Let q(x) = -x - 15. Let g(d) = -6*b(d) - q(d). Let h be g(-6). What are the prime factors of 2/(((-3)/h)/(-3))?
2, 3
Suppose 6*x - 27 - 81 = 0. What are the prime factors of x?
2, 3
Let k(g) = g**2 + 5*g + 1. List the prime factors of k(-7).
3, 5
Let m be (1 + (-3)/3)/(-2). Suppose m*b + 5*t = b + 12, 5*t = -4*b + 2. Let a = 11 + b. What are the prime factors of a?
3
Suppose 3 = 2*d + 1. What are the prime factors of d + 7/(28/88)?
23
Let h be (-975)/(-21) + (-9)/21. Suppose -2*u + h = -u. What are the prime factors of u?
2, 23
Let w(s) = -s - 1. Suppose 5*f = -r - 53, -3*f + 4*r + 10 - 28 = 0. List the prime factors of w(f).
3
Let z = -8 - -5. Let t = z - -5. What are the prime factors of t?
2
Let d = -1 - -6. Let b(p) = d*p + 2*p + 4*p. List the prime factors of b(1).
11
Let r(z) = 24*z + 2. What are the prime factors of r(2)?
2, 5
Suppose 2*t - 2*r - 5 = 3*t, -2*t + 4*r + 30 = 0. Suppose -2*i = -7*i + t*m - 45, -2*m + 30 = -4*i. What are the prime factors of (-3 + 17)*(-3)/i?
7
Let i be (-4 + 1)*(-96)/(-18). Let u be 2/((i/50)/(-4)). Suppose 1 = -3*k + u. List the prime factors of k.
2
Suppose 314 + 111 = 5*b. List the prime factors of b.
5, 17
Let x be -4 - 0 - 224/(-14). What are the prime factors of (8/x)/(1/42)?
2, 7
Suppose -4*y + j + 169 = 0, 0*y + 2*y + 5*j = 57. What are the prime factors of y?
41
Let s(x) = -13*x. Let t be s(-1). Suppose -5*p = -t - 2. List the prime factors of (-2 + p)*(3 + -1).
2
Let y(g) = g**3 + 12. Let d(n) = -n**2 - 4*n - n + 4*n. Let j be d(-1). What are the prime factors of y(j)?
2, 3
Suppose -5*d + 5 = 5*s, 2 = -3*s + 3*d - 1. Suppose s*t - 51 = -3*t. What are the prime factors of t?
17
What are the prime factors of 1*-129*4/(-12)?
43
Suppose 0 = 7*m - 8*m + 4. Let o(r) = -r**3 + 4*r**2 + 4*r - 6. What are the prime factors of o(m)?
2, 5
Suppose -3*n - 6 = s + 3*s, 4*n = 3*s + 17. Suppose -n*g = -4*g + 44. List the prime factors of g.
2, 11
Let w = -31 + 35. List the prime factors of w.
2
Let m be (-5)/(20/(-108)) - 3. Suppose h + h = -a + 15, 5*a + m = h. List the prime factors of h.
3
Suppose -304 = -5*s - d + 3*d, 0 = -5*s + d + 307. List the prime factors of s.
2, 31
Suppose -242 = 4*u - 5*u. List the prime factors of u.
2, 11
Let u = 3 - -14. What are the prime factors of u?
17
Let h(g) = -g**2 - 8*g - 2. Let u be h(-7). Suppose u*w - 20 = 0, -6*j + 12 = -3*j + 3*w. List the prime factors of (-4)/(-1)*(2 + j).
2
Suppose 2*g - 53 = -3*k, -2*k - k + 54 = 3*g. List the prime factors of k.
17
Suppose 3*n + 4 = -a - 2, -5*a = n - 12. Let b = 9 - a. What are the prime factors of b?
2, 3
Let s(b) = b**3 - 11*b**2 + 3*b - 13. What are the prime factors of s(11)?
2, 5
Suppose -6*f = -f - 2*m - 8, 5*f - 13 = -3*m. Let c be (0 + f/(-4))*-8. Suppose -2*n + 5*n - 18 = 3*o, 31 = 5*n - c*o. List the prime factors of n.
7
Suppose -4*m - 2*u = -388, -5*u + 5 = -5. What are the prime factors of m?
2, 3
Suppose 3*w - d - 393 = 0, 7*d - 2*d + 117 = w. What are the prime factors of w?
2, 3, 11
Let m(o) = -16*o**2 + 2*o - 1. Let a be m(1). Let y be a/(-5) - 2/2. Suppose -28 = -5*j + y. What are the prime factors of j?
2, 3
Let m be (-5 - -4)/((-2)/14). Suppose 0 = -3*x + 16 - m. List the prime factors of x.
3
Let w(i) = 7*i - 15. List the prime factors of w(10).
5, 11
Let x = 29 - 30. Let c(r) = r + 6. Let d be c(-3). Let v = d + x. List the prime factors of v.
2
Suppose 5 = -3*o + c + 26, 4*c = -3*o + 6. Suppose -2*j = -j - o. Suppose -3*y + 3*x + 9 = 0, 4*y - 3*x + 16 = j*y. What are the prim